0609.
20
What is the remainder when 102727 is divided by 120?
7
Calculate the remainder when 13059 is divided by 127.
105
What is the remainder when 1981 is divided by 988?
5
What is the remainder when 1665 is divided by 1433?
232
What is the remainder when 87107 is divided by 1452?
1439
Calculate the remainder when 25188 is divided by 24986.
202
Calculate the remainder when 115201 is divided by 19198.
13
Calculate the remainder when 34812 is divided by 6953.
47
Calculate the remainder when 4472 is divided by 215.
172
Calculate the remainder when 10481 is divided by 558.
437
What is the remainder when 384 is divided by 372?
12
Calculate the remainder when 135640 is divided by 16.
8
Calculate the remainder when 926 is divided by 66.
2
What is the remainder when 2224 is divided by 1099?
26
What is the remainder when 11561 is divided by 5264?
1033
What is the remainder when 153347 is divided by 6?
5
What is the remainder when 69727 is divided by 377?
359
What is the remainder when 749 is divided by 330?
89
What is the remainder when 138821 is divided by 6941?
1
What is the remainder when 181786 is divided by 291?
202
Calculate the remainder when 2489 is divided by 325.
214
Calculate the remainder when 76388 is divided by 239.
147
What is the remainder when 1525 is divided by 430?
235
Calculate the remainder when 59623 is divided by 159.
157
Calculate the remainder when 26642 is divided by 1665.
2
Calculate the remainder when 1330730 is divided by 628.
626
Calculate the remainder when 193037 is divided by 20.
17
Calculate the remainder when 335679 is divided by 32.
31
Calculate the remainder when 6742 is divided by 3296.
150
What is the remainder when 3841 is divided by 924?
145
What is the remainder when 49250 is divided by 14?
12
Calculate the remainder when 54351 is divided by 21.
3
What is the remainder when 4562 is divided by 4540?
22
What is the remainder when 7423 is divided by 295?
48
What is the remainder when 11946 is divided by 1686?
144
What is the remainder when 737012 is divided by 20?
12
What is the remainder when 54649 is divided by 18211?
16
What is the remainder when 19827 is divided by 746?
431
Calculate the remainder when 990 is divided by 152.
78
What is the remainder when 7110 is divided by 546?
12
Calculate the remainder when 5691 is divided by 1689.
624
Calculate the remainder when 1582767 is divided by 22.
21
What is the remainder when 2171595 is divided by 2?
1
Calculate the remainder when 325 is divided by 61.
20
Calculate the remainder when 874712 is divided by 21.
20
What is the remainder when 45118 is divided by 190?
88
Calculate the remainder when 4502937 is divided by 78.
75
Calculate the remainder when 143090 is divided by 47680.
50
Calculate the remainder when 962 is divided by 5.
2
Calculate the remainder when 38110 is divided by 60.
10
Calculate the remainder when 14447 is divided by 850.
847
Calculate the remainder when 108851 is divided by 3753.
14
Calculate the remainder when 238138 is divided by 13229.
16
Calculate the remainder when 52534 is divided by 491.
488
What is the remainder when 259892 is divided by 878?
4
What is the remainder when 3792 is divided by 119?
103
What is the remainder when 44030 is divided by 419?
35
Calculate the remainder when 8799 is divided by 412.
147
Calculate the remainder when 232667 is divided by 43.
37
What is the remainder when 3373103 is divided by 17?
14
What is the remainder when 5131 is divided by 79?
75
Calculate the remainder when 1894 is divided by 24.
22
Calculate the remainder when 275992 is divided by 29.
28
Calculate the remainder when 459527 is divided by 125.
27
Calculate the remainder when 19934 is divided by 6637.
23
What is the remainder when 60431 is divided by 521?
516
Calculate the remainder when 231 is divided by 29.
28
What is the remainder when 322318 is divided by 2238?
46
Calculate the remainder when 43076 is divided by 495.
11
What is the remainder when 3861 is divided by 216?
189
Calculate the remainder when 140786 is divided by 44.
30
Calculate the remainder when 1845 is divided by 18.
9
Calculate the remainder when 13052 is divided by 279.
218
What is the remainder when 24598 is divided by 43?
2
What is the remainder when 9418 is divided by 20?
18
What is the remainder when 30174 is divided by 974?
954
What is the remainder when 7992 is divided by 1990?
32
Calculate the remainder when 233999 is divided by 500.
499
Calculate the remainder when 213322 is divided by 137.
13
What is the remainder when 1963 is divided by 483?
31
What is the remainder when 7923 is divided by 177?
135
Calculate the remainder when 376718 is divided by 3924.
14
Calculate the remainder when 19989 is divided by 48.
21
What is the remainder when 37438 is divided by 130?
128
Calculate the remainder when 141493 is divided by 287.
2
What is the remainder when 19312 is divided by 242?
194
What is the remainder when 51766 is divided by 1435?
106
Calculate the remainder when 102071 is divided by 277.
135
What is the remainder when 47168 is divided by 27?
26
Calculate the remainder when 11493 is divided by 65.
53
What is the remainder when 12076 is divided by 1208?
1204
What is the remainder when 1016 is divided by 955?
61
What is the remainder when 361106 is divided by 230?
6
What is the remainder when 158387 is divided by 470?
467
Calculate the remainder when 164105 is divided by 23442.
11
What is the remainder when 17018 is divided by 99?
89
What is the remainder when 12550 is divided by 545?
15
Calculate the remainder when 117197 is divided by 39054.
35
Calculate the remainder when 87366 is divided by 657.
642
What is the remainder when 2087299 is divided by 723?
721
Calculate the remainder when 18868 is divided by 66.
58
What is the remainder when 13429 is divided by 4468?
25
What is the remainder when 3813 is divided by 24?
21
Calculate the remainder when 50333 is divided by 4571.
52
Calculate the remainder when 51729 is divided by 108.
105
Calculate the remainder when 60169 is divided by 5.
4
Calculate the remainder when 231111 is divided by 78.
75
What is the remainder when 10599177 is divided by 1446?
1443
What is the remainder when 1018 is divided by 456?
106
Calculate the remainder when 2016 is divided by 225.
216
What is the remainder when 3296 is divided by 655?
21
Calculate the remainder when 3186 is divided by 212.
6
What is the remainder when 37157 is divided by 18398?
361
Calculate the remainder when 4144 is divided by 46.
4
Calculate the remainder when 36167 is divided by 1811.
1758
What is the remainder when 20502 is divided by 2515?
382
What is the remainder when 25532 is divided by 2300?
232
What is the remainder when 8458 is divided by 709?
659
What is the remainder when 263708 is divided by 123?
119
What is the remainder when 395515 is divided by 960?
955
Calculate the remainder when 112891 is divided by 43.
16
What is the remainder when 347794 is divided by 507?
499
Calculate the remainder when 226887 is divided by 403.
401
Calculate the remainder when 1679 is divided by 160.
79
Calculate the remainder when 49813 is divided by 117.
88
What is the remainder when 3634 is divided by 829?
318
What is the remainder when 5780 is divided by 100?
80
Calculate the remainder when 18476 is divided by 684.
8
Calculate the remainder when 27926 is divided by 243.
224
Calculate the remainder when 6135 is divided by 11.
8
Calculate the remainder when 244076 is divided by 1233.
1175
Calculate the remainder when 5080 is divided by 668.
404
What is the remainder when 5830 is divided by 945?
160
Calculate the remainder when 9290 is divided by 2965.
395
What is the remainder when 61478 is divided by 53?
51
Calculate the remainder when 1699 is divided by 423.
7
Calculate the remainder when 3677 is divided by 2491.
1186
What is the remainder when 139379 is divided by 144?
131
Calculate the remainder when 23048 is divided by 788.
196
Calculate the remainder when 427 is divided by 418.
9
Calculate the remainder when 2131 is divided by 1052.
27
Calculate the remainder when 55224 is divided by 238.
8
Calculate the remainder when 1504 is divided by 1022.
482
Calculate the remainder when 2242 is divided by 18.
10
Calculate the remainder when 61769 is divided by 5612.
37
Calculate t